 + 2. Let o be -4*(-1 + 0)*f. Let b be 1 - (2 - o) - -2. Let j(m) = 2*m - 6. Determine j(b).
4
Let p(b) = b + 2. Let u be (-50)/(-8) + (-1)/4. Suppose 0 = -4*z + 2*o + u, 5*o + 2 = 3*o. Let g be 2*z - (4 - -3). Give p(g).
-3
Let r(m) be the third derivative of -m**6/120 - m**5/15 - m**4/6 + m**3/6 + 9*m**2. Give r(-3).
4
Let w(t) = 16*t**2 - 17*t**2 + 1 - 2 + 4*t. Give w(4).
-1
Let u(q) = -2*q + 1. Let m(b) = -b**3 + 6*b**2 + 7*b - 2. Let j be m(7). Give u(j).
5
Let m(k) be the third derivative of -k**5/60 + k**4/6 - k**3/6 - 4*k**2. Let d be m(3). Let i(b) = 2 + 0*b - b - d*b + 2*b. Calculate i(5).
-3
Let j(n) = 11*n - n**3 + 11*n + 10 + 7*n - 38*n - 9*n**2. Calculate j(-7).
-25
Suppose -h + 4*v - 2*v = -16, 5*v + 49 = 4*h. Let g(w) = -w + 5. Determine g(h).
-1
Let x(l) = 2*l + 1. Let y be 66/10 - (-4)/10. Suppose -k + 0*k + 12 = -2*j, -k + j + y = 0. Suppose -k*f = 3*i + 9, -5*f - 17 = -f + 5*i. Determine x(f).
-5
Let k(y) be the first derivative of -y + 5 - 1/2*y**2. What is k(-4)?
3
Let v(c) be the first derivative of 1 - 2*c - c**2 - 1/3*c**3. Suppose p - 3*m + 8 = 0, 0*p = -p + 2*m - 6. Calculate v(p).
-2
Suppose -l = 2*l. Let f(p) be the second derivative of 1/6*p**3 + l - p - p**2. What is f(-2)?
-4
Let f(u) = -2 + 5*u - 3*u - 6*u. Let v be f(-2). Let c = v - 6. Let o(p) = p - 5. Give o(c).
-5
Let b(f) = -f**3 - 7*f**2 - 7*f - 1. Let q be b(-6). Let i(y) = -6 + 6*y - 3*y**3 - 7*y**2 + 4*y**3 + y**2. Calculate i(q).
-1
Let x(u) = 3*u**2 - u + u**3 - u**3 - u**3 + 6*u - 2. Calculate x(3).
13
Suppose 0*u + 4*u - 20 = 0. Let o(x) = 6*x**2 - 2 + 0 + u*x + x**3 + 1. Let h = 12 + -17. Determine o(h).
-1
Let c = 1 + 7. Let p(f) = f**2 + 9*f + 12. Let n be p(-8). Suppose n*x - 24 + c = 0. Let z(h) = -h**3 + 5*h**2 - 2*h + 2. What is z(x)?
10
Let o(b) = 14*b - 1 - 5*b + b. Give o(-1).
-11
Let c(v) = v**3 + v**2 + v + 1. Let q be (0/((-16)/(-4)))/1. What is c(q)?
1
Let f(v) = -v**3 + 4*v**2 - v - 4. Let q(m) = -m**3 - m. Suppose 20 = -4*d, -l + 3 = -d - 4. Let p(i) = l*q(i) - f(i). Give p(-3).
-2
Let u(m) be the first derivative of -m**7/840 + m**6/72 + m**5/20 + m**4/8 - 5*m**3/3 - 3. Let t(y) be the third derivative of u(y). Give t(6).
3
Suppose -4*c + 2 + 6 = 0. Let n(x) = -5*x + 56 - 2*x**2 - c*x**3 + 3*x**3 - 55. What is n(4)?
13
Let f(n) = -3*n + n + n + 3*n. Let s(g) = -g + 1. Let a be s(-5). Suppose 3*l = -a*v + 3*v, -l - 2 = 3*v. What is f(v)?
-2
Let c be (3/(-6))/((-3)/6). Let r = 1 - c. Let f(p) = -p**3 - p**2 - 2. Calculate f(r).
-2
Let z(f) = 3 + 0*f**3 - f**3 - 6*f**2 + 2*f + 2*f**2 + 0*f**3. Let o = 6 - 10. Give z(o).
-5
Suppose 7 = -3*i - h - h, -5*i + 2*h - 1 = 0. Let j be (0 + 2)/(i + 2). Let u(f) = 2*f**2 - 4*f**2 + j + f**2 + 6*f. Determine u(5).
7
Suppose -15*q - 2 = -13*q. Let p(c) be the second derivative of -c**4/4 + c**2/2 - 8*c. Give p(q).
-2
Let a be ((-12)/10)/((-3)/20). Let d(y) = y**2 - 7*y - 3. Let l be d(a). Let u(t) be the second derivative of t**5/20 - 5*t**4/12 - 2*t**2 + 2*t. Give u(l).
-4
Let d(k) = 4*k**2 - k. Let h(v) = -9*v**2 + 3*v + 1. Let f(z) = -5*d(z) - 2*h(z). Let w(m) be the first derivative of f(m). Determine w(-1).
3
Suppose 2*g - 3 = j + 4*g, 3*j + 2*g - 3 = 0. Let c(f) = f - 1 + 6*f - j - 2*f**2. Let r be (8/6)/((-2)/(-6)). Give c(r).
-8
Let q = 21 + -25. Let w(a) = a + 3. Determine w(q).
-1
Let f(m) be the third derivative of -7*m**6/120 - m**5/60 + m**4/24 - m**2. What is f(1)?
-7
Let c(b) = b**2 - b - 1. Let k(o) = -o**3 + 3*o**2 - o - 5. Let r(v) = 2*c(v) - k(v). What is r(0)?
3
Let p(d) = 7*d**3 + d**2. Let u be p(-1). Suppose 4*h - 2 = 6. Let o(w) = 7*w - 2*w**2 - w**3 + 0 + 2*w**2 + h - 5*w**2. Calculate o(u).
-4
Let k(s) = -21*s + 35*s - 6 - 13*s. Give k(-5).
-11
Let n(d) = d**3 + 6*d**2 + 5*d + 4. Let b be n(-5). Let q(u) be the second derivative of -u**4/12 + 5*u**3/6 - 2*u**2 - 11*u. Calculate q(b).
0
Let q(g) = -g - 7. Let s(r) = -2*r - 6. Let p(c) = -3*q(c) + 2*s(c). Let j(b) = b**2 + 3. Let x be j(-3). Let m = -7 + x. Calculate p(m).
4
Let m(t) = -t**3 + t**2. Let p(z) = -7*z**3 + 7*z**2 + z. Let o(c) = 5*m(c) - p(c). Determine o(-1).
-3
Let j(f) = 5*f**2 - 5. Let h(c) = 15*c**2 - 14. Let g(i) = i - 5. Let r be g(-12). Let p(o) = r*j(o) + 6*h(o). What is p(-1)?
6
Let q = -4 - -23. Suppose -h = -4*h + 3*y + 15, -3*h = -4*y - q. Let i(d) = 3 - 1 - h - 4 - 4*d - d**2. Determine i(-2).
1
Suppose 3*b - 7 - 5 = 0. Let a = b - 2. Let o(u) = 5*u - 2*u + 2 - 3. Give o(a).
5
Let c(p) = -p**3 + 3*p**2 + 4*p. Let d = -7 + 11. Give c(d).
0
Let p(b) = -5*b**2 + 5*b + 2*b**3 - 3 - 8*b**3 + 5*b**3. Give p(-6).
3
Let z be 1/(-2) + 28/(-8). Let t(j) = 0*j - 2 + j - j**3 - 131*j**2 + 127*j**2. Give t(z).
-6
Suppose 0 = u - 5*b + 1, 4*u + 2*b - 21 = -3*b. Let g(i) be the third derivative of -i**6/120 + i**5/15 - i**4/8 + i**3 + i**2. Determine g(u).
-6
Suppose 0 = 2*v + 4*k + 2, 0 = 2*v + v - 3*k - 6. Let w be (-1)/(-1) + -4 + 7. Let o(p) = v + w - 2*p - 5. Calculate o(-2).
4
Let d(k) = -5 - 33*k - 36*k + 66*k. What is d(-5)?
10
Let f(i) = -2*i + 6. Let z = 19 + -7. Suppose -m = -c + 4, 2*c + 4*m - 2*m = z. Determine f(c).
-4
Let j(d) = -d**3 + 4*d**2 - 3*d. Let v be j(2). Suppose 9 = v*r + 1. Let w(p) = 2*p**2 - 64 - 5*p - 56 + 122. Determine w(r).
14
Let i(d) = -10*d**2 + 9*d - 22. Let h(g) = 5*g**2 - 5*g + 12. Let w(b) = 11*h(b) + 6*i(b). Calculate w(-1).
-4
Let k(r) = -r + 1. Let x(u) = -2*u + 1. Let a(w) = -3*k(w) + 4*x(w). Determine a(3).
-14
Let h(q) = -7*q**3 + 4*q**2 + q - 1. Let s(f) = 9*f**3 - 4*f**2 - f + 2. Let x(a) = 5*h(a) + 4*s(a). Let m(p) = p**2 + 5*p - 4. Let r be m(-5). What is x(r)?
-1
Suppose -u + 12 = -3*u. Let c(b) = -5*b**2 - 2*b - 5. Let t(g) = 6*g**2 + g + 6. Let y(x) = -5*c(x) - 4*t(x). Give y(u).
1
Let n(h) = 2*h**2 + 2*h + 2. Let r be n(-2). Let l(z) = -z**2 + 7*z - 2. Determine l(r).
4
Let d(m) = -3*m + m**3 + 3*m**2 + 2*m - 6*m. Let b(l) = -l**2 + l + 1. Let v(x) = -x + 6. Let s be v(9). Let g(w) = s*b(w) - d(w). What is g(2)?
-3
Let k(n) = -n**3 + 8*n**2 - 2*n + 3. Let p(f) = -f**3 + 8*f**2 - f + 2. Let g(c) = -3*k(c) + 4*p(c). Determine g(8).
15
Let k(q) = -q - 3. Let o be k(-5). Let f(t) be the second derivative of t**5/20 - t**4/6 + t**3/3 + t**2/2 + 10*t. Give f(o).
5
Let p(c) = 3*c - 3. Suppose -12 + 3 = -2*u - 5*l, 0 = -4*u + 5*l + 93. Suppose -b + 5*h + u = -0*h, 2*h = -6. Calculate p(b).
3
Suppose -n - 2 = -0. Let u(s) be the second derivative of 1/12*s**4 - 3*s + 0*s**2 + 0*s**3 + 0. Give u(n).
4
Let s(p) = -p**2 + 4*p + 2. Let z be ((-24)/30)/((-2)/(-10)). Let l = z + 9. Give s(l).
-3
Let x be (-4)/(-10) - 13/(-5). Suppose x*j = -j + 12. Let r be -1*(j - 0) + -2. Let q(o) = -o**3 - 4*o**2 + 7*o - 1. Give q(r).
-11
Let a(u) be the second derivative of u**8/6720 - u**7/420 - u**6/360 + u**5/20 - u**4/6 + 3*u. Let n(p) be the third derivative of a(p). What is n(6)?
-6
Let u(z) be the second derivative of -z**5/10 - z**4/6 + z**3/3 + 3*z**2/2 + 17*z. Calculate u(-2).
7
Let o(a) = -a + 12 - 12. Let q be (-43)/(-9) + 2/9. Give o(q).
-5
Let o(x) = 4*x**3 - 7*x - 5*x**3 - 2 - 6*x**2 - 3. Let c be (1 + 15/(-6))*(-10)/(-3). Give o(c).
5
Let a(g) be the third derivative of 0 + 1/60*g**5 - 1/6*g**3 - g**2 - 1/24*g**4 + 0*g. Let q be (-2)/(-9) - (-25)/9. Determine a(q).
5
Let g(i) = 7*i - 7. Let s(z) = -7*z + 6. Let c(o) = 5*g(o) + 6*s(o). Suppose -4*b - m - 1 - 12 = 0, b + 2*m - 2 = 0. Let q be 4/(-6)*6/b. Give c(q).
-6
Let a(x) be the first derivative of -x**4/4 - x**3 - 3*x**2/2 - 4*x + 3. Give a(-3).
5
Let v(k) be the second derivative of -k**4/6 + 2*k**3/3 - 33*k. Let r be -1*(-1 + (2 - 1)). Suppose r*x - x + 3 = 0. Determine v(x).
-6
Let q(y) be the second derivative of -y**3/6 + 9*y**2/2 + 2*y. Let g be q(7). Let p = -2 + g. Let r(n) = n - 5. Determine r(p).
-5
Let i(w) = -w**3 - 3*w**2 - w - 1. Let n be (-2)/(-14) + 154/(-49). Calculate i(n).
2
Let i be 25*3*(-2)/(-15). Let n(h) = -2*h - i*h + 3*h. Determine n(1).
-9
Let f = -18 + 18. Let v(b) = -b**2 - 52 - 5*b + f*b**2 + 49. Calculate v(-3).
3
Let r(s) = -s**3 + 6*s**2 + 6*s - 7. Suppose -23*y + 105 = -8*y. Calculate r(y).
-14
Let w(b) = -2*b - 6. Let k(i) = i - 35. Let l be k(29). Determine w(l).
6
Let j(h) = -h + 6. Let l be j(5). Let k(q) = 0 + 3*q - 1 + 0*q. Determine k(l).
2
Let m(p) = 5*p + 5. Let z(c)